 i = -3*v - 15, -2*s - 4*v = -3*s + 22. What is the tens digit of (-1)/s - 3/(12/(-770))?
9
Suppose 0 = -2*n + 5*t + 24, -3*n + 21 = t + 2. Let k(v) = -9 + n*v - 10 - 2*v - 2*v. What is the units digit of k(9)?
8
Suppose -2*c - 3*v - 11 + 1 = 0, 2*c + 5*v = -18. What is the hundreds digit of (-2 - (-542)/3)/(c/3)?
5
Suppose 195 = -3*s - 138. Let j = s - -334. Suppose -2*l = -2*f - 3 + 235, -5*l - j = -2*f. What is the units digit of f?
9
Suppose -7*a = 7*a - 17178. Let f = 1828 - a. What is the tens digit of f/2 - 1*1/(-2)?
0
Let q = -352 + 356. Suppose -2483 = -3*b + 2*y, 0 = y - 2*y - q. What is the units digit of b?
5
What is the units digit of 76/(-57)*-86*(175 - 1)?
2
Let m = -204 - -210. What is the hundreds digit of (-4435)/(-15) - (-2)/m?
2
Let a be -4 - -13 - (5 + -1). Let i be (-5)/a + (0 - -1). Suppose -h - s - 42 = -3*h, h + s - 21 = i. What is the units digit of h?
1
Let i = -12401 - -21171. What is the thousands digit of i?
8
Let v = -20623 - -78849. What is the ten thousands digit of v?
5
What is the tens digit of (2/5)/((-323802)/23130 - -14)?
1
Let g(j) = -5381*j + 234. What is the tens digit of g(-1)?
1
Let m(i) = 30*i - 1 - 3 - 15. Suppose -21*h + 205 = 102*h - 410. What is the hundreds digit of m(h)?
1
Let q(r) = 6*r**3 + 4*r**2 + 8. Let y be q(7). What is the units digit of (-4)/6*y/(-52)?
9
Suppose 0 = -44*d + 1553 + 1527. What is the tens digit of d?
7
Let u(a) = a**3 + 15*a**2 + 3. Let b be u(-15). Suppose j = b*j - 4. Suppose -j*p = 5*m - 18 - 49, -79 = -5*m + p. What is the tens digit of m?
1
Suppose -3*v - 5*o + 12528 = -6592, -v = -3*o - 6350. What is the tens digit of v?
6
Let c(i) = -578*i**2 - 44*i + 160. Let g be c(4). What is the units digit of g/72*(-2 - (-17)/(-2))?
1
Suppose 9*m - 11*m + 18 = 0. Let p be 14/2 + (10 - 19). What is the tens digit of p/m + 1113/27?
4
Suppose -5 = 3*f - 116. Let g(v) = -f*v**3 + 27*v**3 - 3 - v - 11*v**3 + 0*v. What is the hundreds digit of g(-2)?
1
Suppose -5*r + 183889 = 4*d + 10770, r - 5*d - 34647 = 0. What is the ten thousands digit of r?
3
Suppose 3*d = 5*c + 412, 2*d + 4*c - 283 = -c. Let q = d - 63. Suppose -5*l - q = -306. What is the tens digit of l?
4
Let c = 82 - 82. Suppose c = 7*w - 27 - 1. Suppose -w*n = -16*n + 1920. What is the units digit of n?
0
Let l(o) = -o**3 + 6*o**2 - 2*o. Let s be l(5). Let i be 657/2*16/24. Suppose 12*u + i = s*u. What is the tens digit of u?
7
Suppose 0*k = -14*k + 50188 + 8682. What is the tens digit of k?
0
Let m = 29135 - 17439. What is the ten thousands digit of m?
1
Suppose -6*g + 2926 = -2720. Suppose 3*d - g = -2*h, 2*d - 567 = -5*h + 1758. What is the hundreds digit of h?
4
Suppose 3*n + 31 = 40. Suppose -19 = n*t + 5*f, t = 3*t + 3*f + 12. What is the units digit of -24*(-1 + t/(-3)*-1)?
8
Let l = 135 + -123. Suppose 0 = l*b - 53 - 475. What is the tens digit of b?
4
Let s(a) = a**3 - 87*a**2 - 153*a + 327. What is the units digit of s(89)?
2
Let r(h) = h**3 + 6*h**2 + 4*h - 6. Let q be r(-4). Suppose -q*l + l + 27 = 0. What is the units digit of 70 + (l - 5) + 1?
9
Suppose 127 = -16*c + 3039. What is the units digit of c?
2
Let f(v) = -v**2 + 2*v + 3. Let c be f(3). Let g = -990 + 995. Suppose -g*b - 7*b + 2292 = c. What is the tens digit of b?
9
Let m = -26683 - -50362. Suppose 38*h - m = 11*h. What is the hundreds digit of h?
8
Let l(y) = -6*y**2 - 99*y - 119. What is the tens digit of l(-12)?
0
What is the units digit of ((-22812)/8*((-328)/24 + 1))/1?
9
Let o = -19465 - -21096. What is the hundreds digit of o?
6
Suppose -837788 + 121094 = -66*v. What is the tens digit of v?
5
Let r be -2 + (-10)/(-6)*3. Suppose -445 = -r*i + 5*t, 7*i = 5*i + 2*t + 298. Let d = i + -82. What is the tens digit of d?
6
Let f = -39 - -23. Let m = f - -18. Suppose -380 = -4*c - 4*p, m*c + c + 5*p = 279. What is the tens digit of c?
9
Let d = 55777 - 39507. What is the units digit of d?
0
Let n(x) = -6*x + 233. Let j be n(36). Suppose j*w = -18*w + 51345. What is the units digit of w?
7
Suppose 2*l - 11 = -b, 4*b = 8*b - 3*l. Suppose -4*u + 204 = 5*p, 2*u - b*p + 2*p = 116. Let x = 69 - u. What is the units digit of x?
3
Let p(r) = 25*r - 143. Let m be p(3). What is the hundreds digit of 246/2*(m/(-6) + -8)?
4
Let c(a) = -2 + a**2 - 2*a**3 + a**3 + 3 + 9. Let o be c(-5). Suppose 2*g - 83 = 5*v, 5*g + 4*v - o = 7*v. What is the tens digit of g?
2
Suppose 2*q = 12*b - 121250, 0 = -3*b + 12*q - 8*q + 30316. What is the tens digit of b?
0
Suppose -2*f - 237 - 317 = -m, 4*m - 4*f - 2204 = 0. Let n = 1365 - m. What is the hundreds digit of n?
8
Let l(d) = -6*d**3 + 5*d**2 - 7*d + 2. Let n be l(-4). Suppose -3224 = -5*p - n. Suppose 9*s - p = 6*s. What is the hundreds digit of s?
1
Let k = -6435 + 11630. Suppose k + 7405 = 8*z. What is the thousands digit of z?
1
Let d(f) = f - 32. Let b(u) = -u + 32. Suppose c - 24 = 2*s - 5*s, 0 = 3*s - 3*c - 12. Let p(r) = s*b(r) + 6*d(r). What is the units digit of p(-17)?
9
Suppose 0 = 4*p + 63 - 55, 5*g - 3*p - 102691 = 0. What is the units digit of g?
7
Suppose -4557*s + 7555 = -4556*s. What is the hundreds digit of s?
5
Let y be (-4)/(24/18) + (8 - 1). Suppose -2*z - 32 = -3*c, 0 = y*c + 3*z - 20. Let x(b) = 3*b**2 - 7*b + 2. What is the units digit of x(c)?
8
What is the tens digit of 16292 - (-16 - -46)/15?
9
Suppose -14 = 2*r - b + 6*b, 4*r + 2*b - 4 = 0. Let y be ((-5)/4)/(r/(-12)). Suppose 3*n - 180 = -4*z, y*z - 2*n = n + 198. What is the units digit of z?
2
Suppose -22*d - 70 = -23*d. Suppose 86 = -4*r - d. Let s = 28 - r. What is the units digit of s?
7
Let v(q) = 7*q**3 - 13*q**2 + 57*q - 183. What is the units digit of v(14)?
5
Suppose 3*j + 9*f - 14*f = 46, -j + 22 = -3*f. Suppose -2*n + 1154 = -4*c, -j*n + 3*n + 2288 = -3*c. What is the hundreds digit of n?
5
What is the thousands digit of (-6 - -135*255)*6/18?
1
Let r be (-1696 + -4 + 2)*(-12)/(-8). Let k = -1689 - r. What is the tens digit of k?
5
Suppose -13*n + 80 = -11*n. Let t be (-42)/10 + 8/n. What is the tens digit of (1/4)/(t/24)*-20?
3
Let x(k) = k**3 - 9*k**2 + 10*k - 20. Let t be x(8). Let y be -53*(-2)/t + (-12)/8. Let w = y + 46. What is the units digit of w?
8
Let z = 30110 + -6757. What is the tens digit of z?
5
Let m(u) = -u**3 + 31*u**2 + 256*u - 69. What is the units digit of m(29)?
7
Let y(k) = -3217*k - 2711. What is the units digit of y(-7)?
8
Suppose 325806 = -5047*c + 5086*c. What is the units digit of c?
4
Let o(t) = 2*t**3 - 3*t**2 + 94*t + 29. What is the thousands digit of o(18)?
2
Let z(b) = -b**3 - 58*b**2 - 23*b + 584. What is the tens digit of z(-59)?
2
Let v = 13658 + -7707. What is the thousands digit of v?
5
Let q be ((-2)/(7 + -9))/(2/458). Suppose 3*x = -f + q, -f - 3*x + 925 = 3*f. Suppose 2*t + 2*t - f = 0. What is the tens digit of t?
5
Let h be 448/(-21) + (-1)/(-3). Let x be h/(-21) + -1 + 62. Let p = x - 43. What is the units digit of p?
9
Let l(o) = 90*o**2 + 550*o - 180. What is the units digit of l(26)?
0
What is the ten thousands digit of 46259 + ((-98)/(-245))/(4/10)?
4
Suppose o - 6 = -4*q, -3*q - 5*o + 0 = 4. Let c(a) = 10 - 5*a - 65*a**2 + 0*a**3 - a**3 + 74*a**q. What is the tens digit of c(8)?
3
Suppose -365394 = -62*l + 39*l + 9690. What is the tens digit of l?
0
Let y = 1828 - 979. Suppose -4*j + 3993 = y. What is the hundreds digit of j?
7
Let w(u) = 2*u**2 + 13*u + 10. Let y(c) = -35*c - 2. Let s be y(-1). Let k = 25 - s. What is the units digit of w(k)?
4
Let b(l) = -l**2 - 5*l - 9. Let f(j) = 2*j**2 + 11*j + 19. Let n(h) = 11*b(h) + 6*f(h). Let i be n(-10). What is the units digit of -61*((-16)/i - (-3)/15)?
3
Let m(l) = 245*l**2 - 4*l - 12. Let s be m(-3). Suppose 62*f = 57*f + s. What is the tens digit of f?
4
Suppose 8*v = 26*v + 16002. Let s = v - -2466. What is the hundreds digit of s?
5
Suppose -4*q + 0*q - 109 = -5*u, 5*q + 120 = 3*u. Let k = -102 - q. What is the units digit of -3 + ((-18)/k - 626/(-18))?
2
Let p(w) = 150*w + 33. Let m be p(11). Let k = -1123 + m. Suppose 336 = 3*l - 2*r - 0*r, -k = -5*l - 5*r. What is the tens digit of l?
1
Let m = 304 + -301. What is the units digit of m + 7 + -11 + 146?
5
Let t be 180 + (-3 - 7)/(-5). Suppose -4*o + 178 = -t. What is the units digit of o?
0
Let y(v) be the first derivative of -v**3/3 + 25*v + 2. Let z be 240/300 + (-8)/10. 